97245?
5, 7, 430601
What are the prime factors of 660506918?
2, 19, 43, 151, 2677
List the prime factors of 694578688.
2, 1356599
List the prime factors of 2472866662.
2, 7, 176633333
List the prime factors of 184282329.
3, 7, 11, 17, 167, 281
List the prime factors of 8379645.
3, 5, 558643
What are the prime factors of 57150377?
23, 53, 173, 271
List the prime factors of 40483656.
2, 3, 562273
What are the prime factors of 1310200554?
2, 3, 13, 31, 41681
What are the prime factors of 37600400?
2, 5, 23, 61, 67
List the prime factors of 713799147.
3, 237933049
List the prime factors of 16880019.
3, 13, 269, 1609
List the prime factors of 48928632.
2, 3, 2038693
What are the prime factors of 2750209018?
2, 2659, 517151
List the prime factors of 2123554380.
2, 3, 5, 19, 499, 3733
What are the prime factors of 481691500?
2, 5, 647, 1489
List the prime factors of 7154570675.
5, 7, 37, 277, 3989
List the prime factors of 2483658102.
2, 3, 413943017
What are the prime factors of 1456537517?
131, 11118607
List the prime factors of 3353316429.
3, 29, 43, 896369
List the prime factors of 30970514.
2, 15485257
What are the prime factors of 51604063?
7, 7372009
What are the prime factors of 45843969?
3, 15281323
List the prime factors of 57514693.
43, 1337551
What are the prime factors of 190250084?
2, 727, 65423
What are the prime factors of 802239136?
2, 439, 57107
What are the prime factors of 116590036?
2, 23, 53, 23911
List the prime factors of 3864550838.
2, 8111, 238229
What are the prime factors of 96112338?
2, 3, 7, 31, 73819
List the prime factors of 76659791.
13, 41, 143827
What are the prime factors of 139961646?
2, 3, 11, 17, 43, 967
List the prime factors of 122261273.
122261273
What are the prime factors of 184798062?
2, 3, 1811, 5669
List the prime factors of 8462601747.
3, 940289083
List the prime factors of 76501686.
2, 3, 61, 209021
What are the prime factors of 1202318808?
2, 3, 50096617
List the prime factors of 2295247958.
2, 1147623979
What are the prime factors of 612857527?
612857527
List the prime factors of 82884652.
2, 20721163
What are the prime factors of 3184074873?
3, 7, 16846957
List the prime factors of 1079948243.
11, 233, 421361
List the prime factors of 165353070.
2, 3, 5, 29, 31, 6131
What are the prime factors of 45243889?
191, 236879
List the prime factors of 41427679.
37, 79, 14173
List the prime factors of 37629430.
2, 5, 503, 7481
What are the prime factors of 2060481124?
2, 13, 17, 193, 929
List the prime factors of 2437813557.
3, 31, 2912561
List the prime factors of 57973557.
3, 3217, 6007
What are the prime factors of 131547488?
2, 19, 23, 409
List the prime factors of 127818471.
3, 11, 223, 1579
What are the prime factors of 20626527?
3, 373, 18433
What are the prime factors of 9738282?
2, 3, 1623047
List the prime factors of 1311331577.
41, 163, 239, 821
What are the prime factors of 372416195?
5, 17, 4381367
What are the prime factors of 189124414?
2, 94562207
What are the prime factors of 8063291210?
2, 5, 13, 53, 67, 17467
List the prime factors of 69483248.
2, 113, 38431
List the prime factors of 1033703138.
2, 13, 89, 446717
What are the prime factors of 105257934?
2, 3, 523, 3727
List the prime factors of 247137032.
2, 30892129
List the prime factors of 1038158316.
2, 3, 13, 379, 1951
List the prime factors of 685922029.
13, 521, 101273
List the prime factors of 726329629.
726329629
What are the prime factors of 573757482?
2, 3, 47, 227, 8963
What are the prime factors of 90509950?
2, 5, 1810199
What are the prime factors of 1218246622?
2, 17, 349, 102667
What are the prime factors of 83246026?
2, 67, 621239
List the prime factors of 11017151.
41, 379, 709
What are the prime factors of 704186592?
2, 3, 7335277
What are the prime factors of 68342879?
11, 29, 31, 6911
What are the prime factors of 319894162?
2, 7, 22849583
What are the prime factors of 57135109?
19, 158269
What are the prime factors of 244891122?
2, 3, 7, 832963
What are the prime factors of 3247391921?
41, 79204681
List the prime factors of 3290328610.
2, 5, 19, 43, 521, 773
What are the prime factors of 14363903?
29, 495307
What are the prime factors of 91906861?
137, 670853
What are the prime factors of 5664085541?
37, 4137389
What are the prime factors of 18241407?
3, 37, 54779
List the prime factors of 37286297.
37286297
What are the prime factors of 6680883510?
2, 3, 5, 7, 1193, 2963
What are the prime factors of 103806461?
11, 9436951
What are the prime factors of 622910583?
3, 17, 223, 18257
List the prime factors of 655887023.
11, 467, 127679
What are the prime factors of 24817517?
503, 49339
What are the prime factors of 488951468?
2, 31, 1279, 3083
What are the prime factors of 28145666?
2, 14072833
List the prime factors of 252149072.
2, 7, 2251331
What are the prime factors of 39970784?
2, 7, 178441
What are the prime factors of 2199830874?
2, 3, 366638479
What are the prime factors of 105355647?
3, 17, 76511
List the prime factors of 3687178297.
11, 17, 79, 249589
What are the prime factors of 110561578?
2, 47, 1176187
List the prime factors of 46178338.
2, 193, 119633
List the prime factors of 46016343.
3, 239, 2377
List the prime factors of 76460368.
2, 877, 5449
List the prime factors of 82439017.
307, 268531
List the prime factors of 738541127.
37, 47, 424693
What are the prime factors of 85416022?
2, 67, 113, 5641
What are the prime factors of 347867023?
7, 7099327
What are the prime factors of 674268592?
2, 42141787
What are the prime factors of 502673135?
5, 3623, 27749
What are the prime factors of 7280489585?
5, 29, 50210273
What are the prime factors of 1911629187?
3, 13, 5446237
What are the prime factors of 31812780?
2, 3, 5, 17, 31189
What are the prime factors of 57673100?
2, 5, 576731
What are the prime factors of 630132120?
2, 3, 5, 563, 3109
What are the prime factors of 8808360?
2, 3, 5, 11, 6673
List the prime factors of 103572089.
103572089
What are the prime factors of 398693140?
2, 5, 313, 63689
What are the prime factors of 47097920?
2, 5, 53, 2777
What are the prime factors of 61861508?
2, 613, 25229
What are the prime factors of 2406348?
2, 3, 7, 1061
What are the prime factors of 113884306?
2, 41, 547, 2539
List the prime factors of 2008309603.
17, 118135859
List the prime factors of 6835469.
31, 311, 709
List the prime factors of 12400020.
2, 3, 5, 22963
List the prime factors of 239765469.
3, 79921823
What are the prime factors of 2368862398?
2, 7, 169204457
What are the prime factors of 309965598?
2, 3, 127, 135593
List the prime factors of 43551356.
2, 10887839
What are the prime factors of 688848297?
3, 229616099
List the prime factors of 48241653.
3, 269, 59779
List the prime factors of 211277179.
211277179
What are the prime factors of 230444288?
2, 37, 24329
List the prime factors of 12214872.
2, 3, 19, 8929
List the prime factors of 483482030.
2, 5, 5581, 8663
What are the prime factors of 278804895?
3, 5, 18586993
List the prime factors of 7189132060.
2, 5, 11, 109, 409, 733
What are the prime factors of 100458609?
3, 4219, 7937
List the prime factors of 146108261.
13, 1871, 6007
List the prime factors of 43459456.
2, 339527
What are the prime factors of 163777999?
7, 11, 163, 13049
List the prime factors of 3155841145.
5, 9221, 68449
List the prime factors of 370045504.
2, 5781961
List the prime factors of 82716721.
41, 83, 109, 223
List the prime factors of 8739197.
8739197
List the prime factors of 142475856.
2, 3, 43, 69029
What are the prime factors of 282108451?
83, 103, 32999
List the prime factors of 46965415.
5, 7, 1341869
What are the prime factors of 471436979?
13, 17, 449, 4751
List the prime factors of 643207988.
2, 17, 19, 497839
List the prime factors of 125828392.
2, 15728549
List the prime factors of 74303443.
74303443
List the prime factors of 121045062.
2, 3, 2131, 9467
What are the prime factors of 802777430?
2, 5, 7, 13, 882173
List the prime factors of 39313430.
2, 5, 13, 302411
What are the prime factors of 14645997?
3, 1627333
List the prime factors of 299546473.
659, 454547
What are the prime factors of 423288677?
7, 101, 598711
What are the prime factors of 941909211?
3, 19, 5508241
List the prime factors of 44514249.
3, 13, 1141391
List the prime factors 